 the remainder when 486989 is divided by 243460?
69
What is the remainder when 41619296 is divided by 381828?
44
Calculate the remainder when 213350 is divided by 42591.
395
Calculate the remainder when 258893078 is divided by 2155.
2153
Calculate the remainder when 124450 is divided by 1446.
94
What is the remainder when 14740590 is divided by 117?
111
What is the remainder when 3357696 is divided by 6?
0
What is the remainder when 322742 is divided by 13025?
10142
Calculate the remainder when 155375 is divided by 8086.
1741
What is the remainder when 75431539 is divided by 6532?
3
What is the remainder when 2493370 is divided by 125?
120
Calculate the remainder when 1730066 is divided by 15727.
96
What is the remainder when 15788000 is divided by 404819?
59
Calculate the remainder when 16563 is divided by 737.
349
Calculate the remainder when 90885 is divided by 90825.
60
Calculate the remainder when 229802515 is divided by 6565786.
5
Calculate the remainder when 1759796 is divided by 293278.
128
What is the remainder when 489420 is divided by 2458?
278
Calculate the remainder when 380013470 is divided by 24.
14
Calculate the remainder when 1460331 is divided by 17.
14
Calculate the remainder when 108526 is divided by 108296.
230
What is the remainder when 1109188 is divided by 221771?
333
What is the remainder when 29360989 is divided by 5782?
5775
Calculate the remainder when 1919558 is divided by 6529.
32
Calculate the remainder when 3779397 is divided by 1768.
1181
What is the remainder when 229946220 is divided by 469278?
0
What is the remainder when 833690 is divided by 24520?
10
What is the remainder when 199452 is divided by 3376?
268
What is the remainder when 15422006 is divided by 226?
218
Calculate the remainder when 231081 is divided by 464.
9
Calculate the remainder when 105818 is divided by 247.
102
Calculate the remainder when 8147807 is divided by 456.
455
What is the remainder when 13680 is divided by 13487?
193
What is the remainder when 1662621 is divided by 4307?
119
Calculate the remainder when 538260 is divided by 134529.
144
What is the remainder when 3829789 is divided by 1049?
939
Calculate the remainder when 2425995 is divided by 180.
135
What is the remainder when 38960158 is divided by 96?
94
What is the remainder when 281875 is divided by 6118?
447
Calculate the remainder when 302805 is divided by 59271.
6450
Calculate the remainder when 101176 is divided by 11101.
1267
Calculate the remainder when 4135 is divided by 217.
12
What is the remainder when 144996302 is divided by 182?
178
Calculate the remainder when 21307638 is divided by 20.
18
What is the remainder when 150962 is divided by 3353?
77
Calculate the remainder when 41431822 is divided by 417.
370
Calculate the remainder when 18768 is divided by 7864.
3040
Calculate the remainder when 7048288 is divided by 891.
478
What is the remainder when 76554 is divided by 229?
68
What is the remainder when 590543 is divided by 147621?
59
Calculate the remainder when 27779 is divided by 1369.
399
What is the remainder when 80268090 is divided by 8?
2
What is the remainder when 29489661 is divided by 1340439?
3
Calculate the remainder when 1527065 is divided by 509019.
8
Calculate the remainder when 5191128 is divided by 1870.
8
Calculate the remainder when 182567 is divided by 608.
167
What is the remainder when 247144125 is divided by 7392?
7389
Calculate the remainder when 563724 is divided by 1898.
18
What is the remainder when 196045597 is divided by 328?
325
Calculate the remainder when 73888 is divided by 848.
112
What is the remainder when 29461624 is divided by 1402?
1398
Calculate the remainder when 658418 is divided by 11351.
60
What is the remainder when 362161 is divided by 67?
26
Calculate the remainder when 237999 is divided by 250.
249
What is the remainder when 7335533 is divided by 198253?
172
What is the remainder when 30418 is divided by 7077?
2110
What is the remainder when 525972 is divided by 18?
12
What is the remainder when 811963 is divided by 5461?
3735
What is the remainder when 9367 is divided by 7649?
1718
Calculate the remainder when 83589399 is divided by 4817.
4815
What is the remainder when 34818 is divided by 1835?
1788
What is the remainder when 127803 is divided by 47?
10
What is the remainder when 390762 is divided by 195227?
308
What is the remainder when 6698978 is divided by 1093?
1074
Calculate the remainder when 1280143 is divided by 36.
19
Calculate the remainder when 22225187 is divided by 68.
67
Calculate the remainder when 841785726 is divided by 2758.
2756
What is the remainder when 89085 is divided by 5216?
413
What is the remainder when 49140949 is divided by 56?
53
What is the remainder when 3675894 is divided by 32?
22
Calculate the remainder when 7072374 is divided by 2717.
23
What is the remainder when 7162 is divided by 172?
110
What is the remainder when 130831 is divided by 921?
49
Calculate the remainder when 7245413 is divided by 3622691.
31
Calculate the remainder when 10194553 is divided by 4820.
253
What is the remainder when 2010752 is divided by 670157?
281
Calculate the remainder when 14341523 is divided by 656.
51
Calculate the remainder when 6512015 is divided by 38.
31
Calculate the remainder when 863870 is divided by 22.
18
Calculate the remainder when 62314 is divided by 873.
331
What is the remainder when 307158 is divided by 206?
12
What is the remainder when 76787 is divided by 37933?
921
What is the remainder when 5916075 is divided by 162?
159
What is the remainder when 152360 is divided by 297?
296
What is the remainder when 11200632 is divided by 933384?
24
Calculate the remainder when 132045 is divided by 391.
278
Calculate the remainder when 748258 is divided by 597.
217
Calculate the remainder when 14146 is divided by 7053.
40
What is the remainder when 1341033 is divided by 1753?
1741
What is the remainder when 11213461 is divided by 175209?
85
Calculate the remainder when 1247612 is divided by 178197.
233
Calculate the remainder when 19247367 is divided by 19247343.
24
What is the remainder when 7133274 is divided by 43?
4
What is the remainder when 16605116 is divided by 23?
13
Calculate the remainder when 100832 is divided by 1198.
200
What is the remainder when 495872 is divided by 82244?
2408
Calculate the remainder when 211959333 is divided by 2155.
2153
Calculate the remainder when 557475 is divided by 16390.
215
What is the remainder when 1007731 is divided by 5825?
6
What is the remainder when 1151047 is divided by 10277?
23
Calculate the remainder when 25692 is divided by 1564.
668
Calculate the remainder when 153964334 is divided by 382.
380
What is the remainder when 1845998 is divided by 133?
91
Calculate the remainder when 22152649 is divided by 74840.
9
What is the remainder when 1274739 is divided by 637353?
33
What is the remainder when 1120203 is divided by 947?
849
Calculate the remainder when 307890 is divided by 27821.
1859
What is the remainder when 577797 is divided by 24?
21
What is the remainder when 162231634 is divided by 21?
19
What is the remainder when 148161 is divided by 17681?
6713
What is the remainder when 18107646 is divided by 1611?
6
Calculate the remainder when 76945870 is divided by 17.
11
Calculate the remainder when 32261 is divided by 6174.
1391
Calculate the remainder when 29218 is divided by 130.
98
What is the remainder when 15670 is divided by 15654?
16
Calculate the remainder when 690546 is divided by 690500.
46
What is the remainder when 122511 is divided by 2138?
645
What is the remainder when 3527547 is divided by 254?
249
Calculate the remainder when 27564 is divided by 12893.
1778
Calculate the remainder when 117382 is divided by 192.
70
What is the remainder when 739521749 is divided by 75?
74
What is the remainder when 191180 is divided by 325?
80
Calculate the remainder when 571404 is divided by 22851.
129
Calculate the remainder when 228264 is divided by 113212.
1840
Calculate the remainder when 582227 is divided by 4018.
3635
What is the remainder when 184967 is divided by 22?
13
What is the remainder when 767432 is divided by 255791?
59
Calculate the remainder when 1000744 is divided by 8337.
304
What is the remainder when